{"id":699,"date":"2021-11-25T03:34:48","date_gmt":"2021-11-25T02:34:48","guid":{"rendered":"http:\/\/revue-francaise-histoire-economique.fr\/?page_id=699"},"modified":"2021-12-05T00:51:26","modified_gmt":"2021-12-04T23:51:26","slug":"lequipe","status":"publish","type":"page","link":"https:\/\/revue-francaise-histoire-economique.fr\/index.php\/lequipe\/","title":{"rendered":"L&#8217;\u00e9quipe"},"content":{"rendered":"<p><span style=\"font-size: 14pt; font-family: 'book antiqua', palatino, serif;\"><strong><em>Directeur de la r\u00e9daction, fondateur<\/em><\/strong><br \/>\nDominique Barjot (Paris Sorbonne)<\/span><\/p>\n<p><span style=\"font-size: 14pt; font-family: 'book antiqua', palatino, serif;\"><strong><em>Directeur-adjoint de la r\u00e9daction<\/em><\/strong><br \/>\nOlivier Feiertag (Paris Panth\u00e9on Sorbonne)<\/span><\/p>\n<p><span style=\"font-size: 14pt; font-family: 'book antiqua', palatino, serif;\"><strong><em>Secr\u00e9taires de r\u00e9daction<\/em><\/strong><br \/>\n<\/span><span style=\"font-size: 14pt; font-family: 'book antiqua', palatino, serif;\">Thierry Claeys (Paris Sorbonne)<br \/>\n<\/span><span style=\"font-size: 14pt; font-family: 'book antiqua', palatino, serif;\">Marie-Claude Esposito (Universit\u00e9 Sorbonne nouvelle)<\/span><\/p>\n<p><span style=\"font-family: 'book antiqua', palatino, serif;\"><span style=\"font-size: 14pt;\"><strong><em>Secr\u00e9taire de la r\u00e9daction adjoint<\/em><\/strong><br \/>\n<\/span><span style=\"font-size: 14pt;\">Boris Vinogradov (Universit\u00e9 de Nantes)<\/span><\/span><\/p>\n<p><strong><span style=\"font-size: 14pt; font-family: 'book antiqua', palatino, serif;\"><em>Comit\u00e9 de r\u00e9daction<\/em><\/span><\/strong><\/p>\n<p><span style=\"font-size: 14pt; font-family: 'book antiqua', palatino, serif;\">Patrice Baubeau (Universit\u00e9 Paris Ouest Nanterre)<br \/>\n<\/span><span style=\"font-size: 14pt; font-family: 'book antiqua', palatino, serif;\">Laurent Le Maux (universit\u00e9 de Bretagne occidentale)<br \/>\n<\/span><span style=\"font-size: 14pt; font-family: 'book antiqua', palatino, serif;\">Jean-Louis Lenhof (Universit\u00e9 de Caen-Normandie)<br \/>\n<\/span><span style=\"font-size: 14pt; font-family: 'book antiqua', palatino, serif;\">Marguerite Martin (Paris Panth\u00e9on Sorbonne)<br \/>\n<\/span><span style=\"font-size: 14pt; font-family: 'book antiqua', palatino, serif;\">Samir Saul (Universit\u00e9 de Montr\u00e9al)<br \/>\n<\/span><span style=\"font-size: 14pt; font-family: 'book antiqua', palatino, serif;\">Fr\u00e9d\u00e9ric Tristram (Paris Panth\u00e9on Sorbonne<br \/>\n<\/span><span style=\"font-size: 14pt; font-family: 'book antiqua', palatino, serif;\">\u00c9douard Vasseur (\u00c9cole nationale des Chartes)<\/span><\/p>\n<p><strong><span style=\"font-size: 14pt; font-family: 'book antiqua', palatino, serif;\"><em>Comit\u00e9 de lecture<\/em><\/span><\/strong><\/p>\n<p><span style=\"font-size: 14pt; font-family: 'book antiqua', palatino, serif;\">Kudo Akira (Universit\u00e9 de Tokyo)<br \/>\n<\/span><span style=\"font-size: 14pt; font-family: 'book antiqua', palatino, serif;\">Marco Bertilorenzi (Universit\u00e9 de Padoue)<br \/>\n<\/span><span style=\"font-size: 14pt; font-family: 'book antiqua', palatino, serif;\">Kenneth Bertrams (Universit\u00e9 Libre de Bruxelles)<br \/>\n<\/span><span style=\"font-size: 14pt; font-family: 'book antiqua', palatino, serif;\">Bertrand Blancheton (Universit\u00e9 de Bordeaux)<br \/>\n<\/span><span style=\"font-size: 14pt; font-family: 'book antiqua', palatino, serif;\">Marcel Boldorf (Universit\u00e9 Lumi\u00e8re Lyon 2\u00a0)<br \/>\n<\/span><span style=\"font-size: 14pt; font-family: 'book antiqua', palatino, serif;\">Hubert Bonin (Universit\u00e9 de Bordeaux)<br \/>\n<\/span><span style=\"font-size: 14pt; font-family: 'book antiqua', palatino, serif;\">Bram Bouwens (Universit\u00e9 d\u2019Utrecht)<br \/>\n<\/span><span style=\"font-size: 14pt; font-family: 'book antiqua', palatino, serif;\">Dieter Br\u00f6tel (Universit\u00e9 de Stuttgart)<br \/>\n<\/span><span style=\"font-size: 14pt; font-family: 'book antiqua', palatino, serif;\">Ana Cardoso de Matos (Universit\u00e9 d\u2019Evora)<br \/>\n<\/span><span style=\"font-size: 14pt; font-family: 'book antiqua', palatino, serif;\">Albert Carreras (Univert\u00e9 Pompeu Fabra, Barcelone)<br \/>\n<\/span><span style=\"font-size: 14pt; font-family: 'book antiqua', palatino, serif;\">Silvia Conca (Universit\u00e9 degli Studi de Milan)<br \/>\n<\/span><span style=\"font-size: 14pt; font-family: 'book antiqua', palatino, serif;\">Youssef Cassis (Institut universitaire europ\u00e9en de Florence)<br \/>\n<\/span><span style=\"font-size: 14pt; font-family: 'book antiqua', palatino, serif;\">Martin Chick (University of Edinburgh)<br \/>\n<\/span><span style=\"font-size: 14pt; font-family: 'book antiqua', palatino, serif;\">Anne Conchon (Paris Panth\u00e9on Sorbonne)<br \/>\n<\/span><span style=\"font-size: 14pt; font-family: 'book antiqua', palatino, serif;\">Guiseppe Conti (Universit\u00e9 de Pise)<br \/>\n<\/span><span style=\"font-size: 14pt; font-family: 'book antiqua', palatino, serif;\">Joost Dankers (Universit\u00e9 d\u2019Utrecht)<br \/>\n<\/span><span style=\"font-size: 14pt; font-family: 'book antiqua', palatino, serif;\">Anne Dalmasso (Universit\u00e9 Grenoble Alpes)<br \/>\n<\/span><span style=\"font-size: 14pt; font-family: 'book antiqua', palatino, serif;\">Olivier Dard (Sorbonne Universit\u00e9)<br \/>\n<\/span><span style=\"font-size: 14pt; font-family: 'book antiqua', palatino, serif;\">Magda De Avelar Pinheiro (Universit\u00e9 de Lisbonne)<br \/>\n<\/span><span style=\"font-size: 14pt; font-family: 'book antiqua', palatino, serif;\">Luiz Carlos Delorme Prado (Universit\u00e9 f\u00e9d\u00e9rale de Rio de Janeiro)<br \/>\n<\/span><span style=\"font-size: 14pt; font-family: 'book antiqua', palatino, serif;\">Jean-Pierre Dormois (Universit\u00e9 de Bordeaux)<br \/>\n<\/span><span style=\"font-size: 14pt; font-family: 'book antiqua', palatino, serif;\">Sabine Effosse (Universit\u00e9 Paris Ouest Nanterre)<br \/>\n<\/span><span style=\"font-size: 14pt; font-family: 'book antiqua', palatino, serif;\">Philippe Essomba (Universit\u00e9 de Yaound\u00e9)<br \/>\n<\/span><span style=\"font-size: 14pt; font-family: 'book antiqua', palatino, serif;\">Alexandre Fernandez (Universit\u00e9 de Bordeaux)<br \/>\n<\/span><span style=\"font-size: 14pt; font-family: 'book antiqua', palatino, serif;\">Jo\u00ebl F\u00e9lix (Universit\u00e9 de Reading)<br \/>\n<\/span><span style=\"font-size: 14pt; font-family: 'book antiqua', palatino, serif;\">Susanna Fellman (University of Gothenburg)<br \/>\n<\/span><span style=\"font-size: 14pt; font-family: 'book antiqua', palatino, serif;\">Marc Flandreau (University of Pennsylvania)<br \/>\n<\/span><span style=\"font-size: 14pt; font-family: 'book antiqua', palatino, serif;\">Maurice Hamon (Saint-Gobain)<br \/>\n<\/span><span style=\"font-size: 14pt; font-family: 'book antiqua', palatino, serif;\">Michel Hau (Universit\u00e9 de Strasbourg<br \/>\n<\/span><span style=\"font-size: 14pt; font-family: 'book antiqua', palatino, serif;\">William Hausman (College of William and Mary, Williamsburg, Virginie)<br \/>\n<\/span><span style=\"font-size: 14pt; font-family: 'book antiqua', palatino, serif;\">Birgit Karlsson (University of Gothenburg)<br \/>\n<\/span><span style=\"font-size: 14pt; font-family: 'book antiqua', palatino, serif;\">Matthias Kipping (York University)<br \/>\n<\/span><span style=\"font-size: 14pt; font-family: 'book antiqua', palatino, serif;\">Jean-Fran\u00e7ois Klein (Universit\u00e9 du Havre-Normandie)<br \/>\n<\/span><span style=\"font-size: 14pt; font-family: 'book antiqua', palatino, serif;\">Norma Lanciotti (universit\u00e9 de Rosario)<br \/>\n<\/span><span style=\"font-size: 14pt; font-family: 'book antiqua', palatino, serif;\">Pierre Lanthier (Universit\u00e9 du Qu\u00e9bec \u00e0 Trois Rivi\u00e8re)<br \/>\n<\/span><span style=\"font-size: 14pt; font-family: 'book antiqua', palatino, serif;\">Tim Legoff (York University, Canada)<br \/>\n<\/span><span style=\"font-size: 14pt; font-family: 'book antiqua', palatino, serif;\">Mohammed Lazhar Garbi (Universit\u00e9 de la Manouba, Tunis),<br \/>\n<\/span><span style=\"font-size: 14pt; font-family: 'book antiqua', palatino, serif;\">LYu Yimin (Universit\u00e9 du Zhejiang, Hangzhou)<br \/>\n<\/span><span style=\"font-size: 14pt; font-family: 'book antiqua', palatino, serif;\">Arnaud Manas (Banque de France)<br \/>\n<\/span><span style=\"font-size: 14pt; font-family: 'book antiqua', palatino, serif;\">Michel Margairaz (Paris Panth\u00e9on Sorbonne)<br \/>\n<\/span><span style=\"font-size: 14pt; font-family: 'book antiqua', palatino, serif;\">Franck Michelin (Teikyo University, Tokyo)<br \/>\n<\/span><span style=\"font-size: 14pt; font-family: 'book antiqua', palatino, serif;\">Philippe Mioche (Universit\u00e9 d\u2019Aix-Marseille)<br \/>\n<\/span><span style=\"font-size: 14pt; font-family: 'book antiqua', palatino, serif;\">\u00c9ric Monnet (EHESS-PAris School of Economics)<br \/>\n<\/span><span style=\"font-size: 14pt; font-family: 'book antiqua', palatino, serif;\">Margrit M\u00fcller (Universit\u00e9 de Zurich)<br \/>\n<\/span><span style=\"font-size: 14pt; font-family: 'book antiqua', palatino, serif;\">Nicolas Marty (Universite de perpignan)<br \/>\n<\/span><span style=\"font-size: 14pt; font-family: 'book antiqua', palatino, serif;\">Kako Nubukpo (Universit\u00e9 de Lom\u00e9)<br \/>\n<\/span><span style=\"font-size: 14pt; font-family: 'book antiqua', palatino, serif;\">Kim Oosterlink (Universit\u00e9 libre de Bruxelles)<br \/>\n<\/span><span style=\"font-size: 14pt; font-family: 'book antiqua', palatino, serif;\">Michel Pachot (Banque de France)<br \/>\n<\/span><span style=\"font-size: 14pt; font-family: 'book antiqua', palatino, serif;\">Irina Potkina ((Institute of Russian His<\/span><span style=\"font-size: 14pt; font-family: 'book antiqua', palatino, serif;\">tory, Moscou)<br \/>\n<\/span><span style=\"font-size: 14pt; font-family: 'book antiqua', palatino, serif;\">Caroline Piquet (Sorbonne Universit\u00e9)<\/span><span style=\"font-size: 14pt; font-family: 'book antiqua', palatino, serif;\">Laure Quennou\u00eblle-Corre (CNRS)<br \/>\n<\/span><span style=\"font-size: 14pt; font-family: 'book antiqua', palatino, serif;\">Jeannot Rasoloarison (Universit\u00e9 d\u2019Antananarivo)<br \/>\n<\/span><span style=\"font-size: 14pt; font-family: 'book antiqua', palatino, serif;\">Andr\u00e9s Regalsky (Universit\u00e9 de Buenos Aires et Conicet)<br \/>\n<\/span><span style=\"font-size: 14pt; font-family: 'book antiqua', palatino, serif;\">Guy Rowlands (University of St Andrews)<br \/>\n<\/span><span style=\"font-size: 14pt; font-family: 'book antiqua', palatino, serif;\">Esther Sanchez (Universit\u00e9 de Salamanque)<br \/>\n<\/span><span style=\"font-size: 14pt; font-family: 'book antiqua', palatino, serif;\">Mohammed Sassi (Universit\u00e9 de Tunis)<br \/>\n<\/span><span style=\"font-size: 14pt; font-family: 'book antiqua', palatino, serif;\">Martin Shanahan (University of South Australia, Adelaide)<br \/>\n<\/span><span style=\"font-size: 14pt; font-family: 'book antiqua', palatino, serif;\">Harm Schr\u00f6ter (Universit\u00e9 de Bergen)<br \/>\n<\/span><span style=\"font-size: 14pt; font-family: 'book antiqua', palatino, serif;\">Catherine Schenk (Oxford university)<br \/>\n<\/span><span style=\"font-size: 14pt; font-family: 'book antiqua', palatino, serif;\">Hong Sungchan (Yonsei university)<br \/>\n<\/span><span style=\"font-size: 14pt; font-family: 'book antiqua', palatino, serif;\">Nicolas Stoskopf (Universit\u00e9 de Haute-Alsace)<br \/>\n<\/span><span style=\"font-size: 14pt; font-family: 'book antiqua', palatino, serif;\">Laurent Tissot (universit\u00e9 de Neuch\u00e2tel)<br \/>\n<\/span><span style=\"font-size: 14pt; font-family: 'book antiqua', palatino, serif;\">F\u00e9lix Torres (Sorbonne Universit\u00e9 et Public Histoire)<br \/>\n<\/span><span style=\"font-size: 14pt; font-family: 'book antiqua', palatino, serif;\">B\u00e9atrice Touchelay (universit\u00e9 de Lille III)<br \/>\n<\/span><span style=\"font-size: 14pt; font-family: 'book antiqua', palatino, serif;\">Grietjie Verhoef (Universit\u00e9 de Johannesbourg)<br \/>\n<\/span><span style=\"font-size: 14pt; font-family: 'book antiqua', palatino, serif;\">Javier Vidal Olivar\u00e8s (Universit\u00e9 de Alicante)<br \/>\n<\/span><span style=\"font-size: 14pt; font-family: 'book antiqua', palatino, serif;\">Kazuhiko Yago (Waseda University)<br \/>\n<\/span><span style=\"font-size: 14pt; font-family: 'book antiqua', palatino, serif;\">Zhou Lihong (Sun Yat Sen University, Canton)<br \/>\n<\/span><span style=\"font-size: 14pt; font-family: 'book antiqua', palatino, serif;\">Xiaolan Zhou (NORMAL UNIVERSITY of SOUTH CHINA, CANTON)<\/span><\/p>\n","protected":false},"excerpt":{"rendered":"<p>Directeur de la r\u00e9daction, fondateur Dominique Barjot (Paris Sorbonne) Directeur-adjoint de la r\u00e9daction Olivier Feiertag (Paris Panth\u00e9on Sorbonne) Secr\u00e9taires de r\u00e9daction Thierry Claeys (Paris Sorbonne) Marie-Claude Esposito (Universit\u00e9 Sorbonne nouvelle) Secr\u00e9taire de la r\u00e9daction adjoint Boris Vinogradov (Universit\u00e9 de Nantes) Comit\u00e9 de r\u00e9daction Patrice Baubeau (Universit\u00e9 Paris Ouest Nanterre) Laurent Le Maux (universit\u00e9 de Bretagne [&hellip;]<\/p>\n","protected":false},"author":1,"featured_media":0,"parent":0,"menu_order":0,"comment_status":"closed","ping_status":"closed","template":"","meta":[],"_links":{"self":[{"href":"https:\/\/revue-francaise-histoire-economique.fr\/index.php\/wp-json\/wp\/v2\/pages\/699"}],"collection":[{"href":"https:\/\/revue-francaise-histoire-economique.fr\/index.php\/wp-json\/wp\/v2\/pages"}],"about":[{"href":"https:\/\/revue-francaise-histoire-economique.fr\/index.php\/wp-json\/wp\/v2\/types\/page"}],"author":[{"embeddable":true,"href":"https:\/\/revue-francaise-histoire-economique.fr\/index.php\/wp-json\/wp\/v2\/users\/1"}],"replies":[{"embeddable":true,"href":"https:\/\/revue-francaise-histoire-economique.fr\/index.php\/wp-json\/wp\/v2\/comments?post=699"}],"version-history":[{"count":5,"href":"https:\/\/revue-francaise-histoire-economique.fr\/index.php\/wp-json\/wp\/v2\/pages\/699\/revisions"}],"predecessor-version":[{"id":829,"href":"https:\/\/revue-francaise-histoire-economique.fr\/index.php\/wp-json\/wp\/v2\/pages\/699\/revisions\/829"}],"wp:attachment":[{"href":"https:\/\/revue-francaise-histoire-economique.fr\/index.php\/wp-json\/wp\/v2\/media?parent=699"}],"curies":[{"name":"wp","href":"https:\/\/api.w.org\/{rel}","templated":true}]}}