{"id":697,"date":"2021-11-25T03:34:15","date_gmt":"2021-11-25T02:34:15","guid":{"rendered":"http:\/\/revue-francaise-histoire-economique.fr\/?page_id=697"},"modified":"2021-11-25T14:23:22","modified_gmt":"2021-11-25T13:23:22","slug":"presentation","status":"publish","type":"page","link":"https:\/\/revue-francaise-histoire-economique.fr\/index.php\/presentation\/","title":{"rendered":"Pr\u00e9sentation"},"content":{"rendered":"<h2 style=\"text-align: center;\"><strong>POURQUOI UNE NOUVELLE REVUE\u00a0?<\/strong><\/h2>\n<p style=\"text-align: justify;\"><span style=\"font-size: 14pt;\">La question est l\u00e9gitime\u00a0: pourquoi une nouvelle revue d\u2019histoire \u00e9conomique\u00a0? Le pari peut para\u00eetre os\u00e9, quand l\u2019on sait l\u2019\u00e9rosion constante, depuis vingt ans au moins, du lectorat des revues de sciences humaines et sociales de langue fran\u00e7aise. A coup s\u00fbr, l\u2019attrait pour les revues anglo-saxonnes, qui tr\u00f4nent en t\u00eate des <em>ranking<\/em> internationaux n\u2019y est pas pour rien\u00a0: le \u00ab\u00a0<em>publish or perish<\/em>\u00a0\u00bb s\u2019accompagne en effet d\u2019une hi\u00e9rarchisation de plus en plus strictes des supports de publication, qui, peu \u00e0 peu, gagne l\u2019ensemble des sciences humaines, au premier rang desquelles l\u2019histoire, apr\u00e8s avoir conquis leurs homologues sociales. Il faut tenir compte aussi du recul de la francophonie, de plus en plus mal d\u00e9fendue par la France elle-m\u00eame, y compris son administration. C\u2019est pourquoi, en histoire \u00e9conomique, aujourd\u2019hui la d\u00e9fense de la recherche francophone ne peut plus s\u2019identifier totalement au combat en faveur du fran\u00e7ais.<\/span><\/p>\n<p style=\"text-align: justify;\"><span style=\"font-size: 14pt;\">Le propos de la pr\u00e9sente revue n\u2019est donc pas de ne publier que des travaux en fran\u00e7ais, ni non plus ne pr\u00e9senter que des travaux portant sur la France et sur l\u2019espace francophone. Certes les travaux en fran\u00e7ais seront les bienvenus, de m\u00eame que ceux que ceux portant sur la France et l\u2019aire d\u2019influence de sa langue. N\u00e9anmoins l\u2019objectif est d\u2019abord d\u2019accueillir la recherche francophone et de favoriser, dans l\u2019aire francophone en priorit\u00e9, mais pas seulement, les travaux de pointe de la recherche mondiale et, singuli\u00e8rement, europ\u00e9enne. Cela suppose d\u2019accueillir des textes en anglais, aujourd\u2019hui devenu, qu\u2019on le veuille ou non, la langue universelle de l\u2019histoire \u00e9conomique. Cela implique aussi un important travail de traduction pour faciliter au mieux, selon les standards internationaux, la circulation entre les deux langues (notamment par le jeu de r\u00e9sum\u00e9s ou abstracts assez longs et, le cas \u00e9ch\u00e9ant, gr\u00e2ce \u00e0 des introductions bilingues). Cependant et sachant que le lecteur est toujours sensible l\u2019homog\u00e9n\u00e9it\u00e9 d\u2019un num\u00e9ro, la pratique adopt\u00e9e sera celle de varia plut\u00f4t en fran\u00e7ais et de num\u00e9ros sp\u00e9ciaux plut\u00f4t en anglais. Toutefois, sauf exception, les rubriques autres que les articles seront pr\u00e9sent\u00e9es en fran\u00e7ais, \u00e0 l\u2019instar du num\u00e9ro un.<\/span><\/p>\n<p style=\"text-align: justify;\"><span style=\"font-size: 14pt;\">Ces rubriques seront, \u00e0 l\u2019exemple de ce que pratiquent certaines revues fran\u00e7aises de bon aloi, d\u2019abord la pr\u00e9sentation de documents originaux de premi\u00e8re main, la retranscription d\u2019un d\u00e9bat entre sp\u00e9cialistes ou l\u2019analyse critique d\u2019un ouvrage jug\u00e9 exceptionnellement important pour la discipline, deux ou trois comptes rendus d\u2019ouvrages r\u00e9cents, \u00e0 quoi s\u2019ajoutera la pr\u00e9sentation d\u2019un fonds d\u2019archives susceptible de permettre des recherches neuves ainsi que l\u2019indication des manifestations scientifiques majeures \u00e0 venir dans l\u2019horizon proche d\u2019une ann\u00e9e environ. Enfin la pratique de r\u00e9sum\u00e9s bilingues fran\u00e7ais-anglais (une troisi\u00e8me langue n\u2019est pas exclue dans certaines circonstances) et des biographies br\u00e8ves, mais pr\u00e9cises et explicites, viendra compl\u00e9ter le contenu de tels num\u00e9ros.<\/span><\/p>\n<p style=\"text-align: justify;\"><span style=\"font-size: 14pt;\">Le champ couvert par la revue ressort avant tout de l\u2019histoire \u00e9conomique g\u00e9n\u00e9rale, en acceptant une tr\u00e8s large ouverture aux approches les plus vari\u00e9es\u00a0: l\u2019\u00e9conom\u00e9trie r\u00e9trospective (ou \u00ab\u00a0cliom\u00e9trie\u00a0\u00bb) y aura donc toute sa place aux c\u00f4t\u00e9s de travaux plus classiquement institutionnalistes. De m\u00eame, la <em>business history<\/em> \u2013dans ses diff\u00e9rentes expressions- y a toute sa place. Il en va de m\u00eame de l\u2019histoire du travail, de l\u2019histoire sociale de la consommation, de celle des \u00e9lites \u00e9conomiques ou encore de l\u2019histoire de la pens\u00e9e \u00e9conomique et sociale. Loin de se limiter aux seuls historiens au sens strictement disciplinaire du terme, la revue accueillera les recherches d\u2019histoire des sciences et des techniques, voire d\u2019architecture et d\u2019urbanisme, comme celles, de nature historique, \u00e9manant des \u00e9conomistes, des gestionnaires,, des sociologues et m\u00eame des g\u00e9ographes ou des philosophes<\/span><\/p>\n<p style=\"text-align: justify;\"><span style=\"font-size: 14pt;\">Par ailleurs, m\u00eame si l\u2019histoire des mondes contemporains occupera une place majeure, il ne saurait \u00eatre question d\u2019en tenir \u00e0 l\u2019\u00e9cart les travaux concernant l\u2019antiquit\u00e9, le moyen-\u00e2ge ou les mondes modernes, voire la pr\u00e9histoire. Cette ouverture vaut aussi pour les aires culturelles, dont aucune n\u2019est exclue, m\u00eame si une part tr\u00e8s importante des textes publi\u00e9s concernera les mondes occidentaux. C\u2019est ainsi que, je l\u2019esp\u00e8re, la nouvelle revue pourra combler l\u2019absence, dans le champ de l\u2019histoire \u00e9conomique, d\u2019une revue fran\u00e7aise d\u2019histoire, un champ que n\u2019occupent plus, \u00e0 ce jour, d\u2019autres revues anciennes et prestigieuses.<\/span><\/p>\n<p><span style=\"font-size: 14pt;\"><strong>Dominique Barjot<br \/>\n<\/strong><strong>(Professeur \u00e9m\u00e9rite d\u2019Histoire \u00e9conomique contemporaine \u00e0 Sorbonne Universit\u00e9)<\/strong><\/span><\/p>\n<p style=\"text-align: justify;\">\n","protected":false},"excerpt":{"rendered":"<p>POURQUOI UNE NOUVELLE REVUE\u00a0? La question est l\u00e9gitime\u00a0: pourquoi une nouvelle revue d\u2019histoire \u00e9conomique\u00a0? Le pari peut para\u00eetre os\u00e9, quand l\u2019on sait l\u2019\u00e9rosion constante, depuis vingt ans au moins, du lectorat des revues de sciences humaines et sociales de langue fran\u00e7aise. A coup s\u00fbr, l\u2019attrait pour les revues anglo-saxonnes, qui tr\u00f4nent en t\u00eate des ranking [&hellip;]<\/p>\n","protected":false},"author":1,"featured_media":0,"parent":0,"menu_order":0,"comment_status":"closed","ping_status":"closed","template":"","meta":[],"_links":{"self":[{"href":"https:\/\/revue-francaise-histoire-economique.fr\/index.php\/wp-json\/wp\/v2\/pages\/697"}],"collection":[{"href":"https:\/\/revue-francaise-histoire-economique.fr\/index.php\/wp-json\/wp\/v2\/pages"}],"about":[{"href":"https:\/\/revue-francaise-histoire-economique.fr\/index.php\/wp-json\/wp\/v2\/types\/page"}],"author":[{"embeddable":true,"href":"https:\/\/revue-francaise-histoire-economique.fr\/index.php\/wp-json\/wp\/v2\/users\/1"}],"replies":[{"embeddable":true,"href":"https:\/\/revue-francaise-histoire-economique.fr\/index.php\/wp-json\/wp\/v2\/comments?post=697"}],"version-history":[{"count":5,"href":"https:\/\/revue-francaise-histoire-economique.fr\/index.php\/wp-json\/wp\/v2\/pages\/697\/revisions"}],"predecessor-version":[{"id":808,"href":"https:\/\/revue-francaise-histoire-economique.fr\/index.php\/wp-json\/wp\/v2\/pages\/697\/revisions\/808"}],"wp:attachment":[{"href":"https:\/\/revue-francaise-histoire-economique.fr\/index.php\/wp-json\/wp\/v2\/media?parent=697"}],"curies":[{"name":"wp","href":"https:\/\/api.w.org\/{rel}","templated":true}]}}